 is the tens digit of h(-4)?
3
Let s(t) = -3*t**2 + 22*t - 27. Let j(w) = -7*w**2 + 43*w - 54. Let m(a) = -2*j(a) + 5*s(a). What is the tens digit of m(19)?
6
Let w be (-1)/(0 - 1/(-2)). What is the units digit of (-34)/(-4 - w) + 3?
0
Let l be 0 + -1 - (-3 + 0). Suppose 138 = 4*x + 2*d, -2*x + 3*x = -d + 37. Suppose l*i - x = 30. What is the tens digit of i?
3
Let c(u) = 10*u - 52. Suppose -j + 2 = z - 16, 4*z = -5*j + 72. What is the tens digit of c(z)?
2
Suppose -3*m = -2*m. Let i(q) = -q + 2 - 3 + 3 + m*q. What is the units digit of i(-5)?
7
Let b be (1 + (-1 - -1))*67. Let p(l) = -l**3 - 4*l**2 - 6*l + 4. Let t be p(-3). Suppose t + b = 5*r. What is the units digit of r?
6
Let v = -5 + 3. Let w = 0 - v. Suppose 0 = -4*f - 5*o + 120, -2*f + 7*o - w*o = -30. What is the tens digit of f?
2
Let a be 8/6*(-15)/(-10). Suppose 0 = j + 3*c - 28, -84 = -5*j + a*c - 3*c. What is the units digit of j?
6
Suppose 4*a + 2*v - 238 = 0, -3*a + 4*v = v - 156. What is the units digit of a?
7
Suppose 2*u - 4*c = -10, 2*u = -0*c - 2*c + 20. Suppose -a - 2*s + 92 = a, -234 = -u*a - s. What is the units digit of a?
7
Let g(j) = -69*j + 12. Let v be g(-6). Let r be v/10 + 6/15. Let n = r - 18. What is the tens digit of n?
2
Suppose 3*p + 9 = b, -5*b + 3*p - 2*p + 59 = 0. What is the units digit of (b - 22)/((-2)/17)?
5
Suppose 4*q = 18 + 2. Suppose q*b + 2*a - 8 = -a, -4*a - 16 = 0. Suppose 0 = -b*j + f + 52, -3*j + 4*f + 26 = -0*f. What is the units digit of j?
4
Let v(i) = -i**3 - 5*i**2 + 6. Let p be v(-5). Suppose 0*b = 3*b + p. Let h(k) = -33*k + 1. What is the units digit of h(b)?
7
Suppose 12*d - 10*d = 30. What is the tens digit of d/6*(4 - -16)?
5
Let d(i) = -2*i**3 + 6*i + 3. Let v be d(-2). Suppose 3*w = 2*r + v + 7, 8 = 2*w - r. Suppose -5*j = 25, 5*j + 14 + 79 = w*f. What is the tens digit of f?
3
Let r(l) = 469*l - 16. What is the thousands digit of r(4)?
1
Let d(x) = 2*x + 3 - 8*x + 4*x + 3*x. Let n be d(3). Let a(w) = w**2 - 6*w + 9. What is the units digit of a(n)?
9
Let o = 593 + 6. What is the tens digit of o?
9
Let n(z) = 4*z**2 - 4 - 2*z**2 - 4257*z + 4254*z. Let d(x) = 4*x**3 - x**2. Let q be d(1). What is the units digit of n(q)?
5
Let k be 1*16/12*57. Let q = k - 25. What is the units digit of q?
1
Let q be (-75)/(-35) + 2/(-14). Let t be q/4 - 7/(-14). Let u = t + 0. What is the units digit of u?
1
Let j = -73 + 47. Let m be 2/((-4)/j) + 3. Suppose m*r - 17*r = -10. What is the units digit of r?
0
Let m be 24/(6 - 2) + 1*-3. What is the units digit of (1 - m/2)*(-189 + -3)?
6
Suppose n - 4*d = -d + 34, 3*n - d = 70. Let h = -18 + n. Suppose 5*p = 3*a + 155, 124 = h*p - 4*a + 2*a. What is the tens digit of p?
3
What is the thousands digit of (2/2 + 377)*(-5 - -8)?
1
Let c be 15/5 - 3/(-1). Let j(q) = -7*q**3 + 11*q**2 + 4*q + 3. Let w(v) = -v**3 + v**2 + v. Let h(l) = c*w(l) - j(l). What is the units digit of h(5)?
7
Let r = -238 + 359. Suppose 0 = -5*t + 44 + r. What is the units digit of t?
3
Let k(l) = l + 6. Let v be (((-36)/(-5))/6)/((-4)/(-30)). What is the tens digit of k(v)?
1
Suppose -2*q = -5 + 1. Suppose -q*r - 27 = -3*r. What is the tens digit of r?
2
Let b = 11 - 47. Let j = 21 - b. What is the units digit of j?
7
Suppose -g + 268 = 4*c, -8*c - 268 = -g - 7*c. What is the tens digit of g?
6
Let w(p) = -p**2 - 12*p + 12. Let f be w(-13). What is the tens digit of (5 + f)/(1/10)?
4
What is the thousands digit of (1 - (-27)/(-12))*-1764?
2
What is the hundreds digit of 5 - (-104)/(-20) - 1372/(-10)?
1
Let j = -374 + 1022. Suppose -3*g + c = -j, c - 3*c - 6 = 0. What is the units digit of g?
5
Suppose 4*k = -29 - 59. What is the hundreds digit of k/3*(-3 + -15)?
1
What is the hundreds digit of (24/14)/4 - 456136/(-518)?
8
Let h = 86 - 80. Let n(v) = 42*v - 20. What is the hundreds digit of n(h)?
2
Let o(b) = 4*b + 15. Let v be o(-5). Let r(p) = -6*p + 8 + 0*p**2 - p**2 - 3. What is the units digit of r(v)?
0
What is the hundreds digit of ((-32)/(-112))/((-6870)/6874 + 1)?
4
Let c(y) = 14*y**3 + 5*y**2 - 3*y - 3. Let k(v) = -14*v**3 - 6*v**2 + 2*v + 4. Let a(m) = 3*c(m) + 2*k(m). What is the units digit of a(2)?
3
Let w = -7 + 9. Suppose -w*u = 5*o - o - 298, -o = 4*u - 624. What is the tens digit of u?
5
Let m = 4283 + -2767. What is the hundreds digit of m?
5
Suppose 8*n - 9*n + 784 = 0. What is the units digit of n?
4
Suppose 0 = 11*p - 596 - 15904. What is the hundreds digit of p?
5
What is the units digit of ((17 - 8)/(-1))/((-3)/94)?
2
Let u(v) = v + 9. Let m be u(-5). Let p be (2/m)/(22/88). What is the units digit of (-24)/6 - (-7 + p)?
1
Let h be (-3 - -4)*(-3 - 16). Let u = 84 - h. Suppose -5*q - k + u + 23 = 0, 0 = -5*q + 4*k + 146. What is the tens digit of q?
2
Let d(q) = -2*q**2 + 15*q. Let t(b) = b**2 + 17*b - 11. Let a be t(-18). Let v be d(a). Suppose 0*s + 203 = v*s. What is the units digit of s?
9
Suppose 0*s - 3*s + 81 = 0. Let d be (-25)/(-9) - (-6)/s. Suppose d*l - 101 = 28. What is the tens digit of l?
4
Let r = 246 - -354. What is the units digit of r?
0
Let t = -1124 + 1653. What is the tens digit of t?
2
Let j = -7 + 6. Let i = j - 0. What is the units digit of (24 - i) + 2 + -2?
5
Let o = -92 + 87. What is the hundreds digit of 142 - 1 - 10/o?
1
Let i(q) = q - 3. Let s be i(9). Let o(k) = -2*k + 9*k + 9 - s. What is the tens digit of o(2)?
1
Suppose 0*r = -g + 4*r - 1, r + 4 = -4*g. Let h = g + 22. Let o = h - -1. What is the units digit of o?
2
Suppose 5*h = h + 176. Let x = 124 - h. What is the units digit of x?
0
Suppose 0 = -n - 3 + 10. Suppose -n*t + 306 = -t. What is the tens digit of t?
5
Let l = 77 - 87. Let i = l + 19. What is the units digit of i?
9
What is the tens digit of (-34)/4*(7059/(-13) - 3)?
4
Suppose d = 3*t - 4 + 5, -4*d + 11 = -5*t. What is the tens digit of t*95/((-4)/(-4))?
9
Let o(a) = -a**3 + 3*a**2 + 9*a + 10. Let u be o(5). Suppose 2*m + 960 = -2*w + 6*w, -2*m + 1218 = u*w. What is the units digit of w?
2
Let b be 5/(-2 + 2 + -1). Let k be 46/(1*(-2)/b). Let z = -67 + k. What is the tens digit of z?
4
Let j(f) = -f**2 - 1. Let t be j(-3). Let c(i) = -i**2 - 5*i - 3. Let b be c(-4). What is the units digit of t/5 + 30*b?
8
Let n = -12 - -17. Suppose -n*z + 40 = 5*o, 4*z + 72 = -4*o + 8*o. What is the tens digit of o?
1
Let h = 14 - -18. Suppose -7*s = 4 - h. What is the units digit of s?
4
Suppose 5*n + 1545 = 4*v, 0 = -0*v - 4*v - 4*n + 1500. What is the hundreds digit of v?
3
Let r = 420 + -156. What is the hundreds digit of r?
2
Suppose 0 = 4*b + 4. Let y be 2*b/(-2)*-7. What is the units digit of y/(-1) + (-2 - -1)?
6
Let t(c) = 7*c**3 - 4*c**2 + 2*c - 1. Let v(x) = -6*x**3 + 4*x**2 - 2*x. Let h(j) = 5*t(j) + 6*v(j). Let b be h(3). What is the units digit of 2/b*(-39)/1?
9
Suppose -h + 2*h + 5*u - 27 = 0, 0 = h - 2*u + 8. Suppose 3*x + 2*p - 71 = 0, -4*p + 19 = x + h. What is the units digit of x?
5
Let r = 1522 - 824. Suppose 5*d - r = -4*c, -d - 4*d - 3*c + 696 = 0. What is the units digit of d?
8
Let u = -118 - -204. Suppose 11*y - 10*y - u = 0. What is the units digit of y?
6
Suppose 7*d - 3740 = 1286. What is the tens digit of d?
1
Let t be 1/5 - (4 - (-402)/(-15)). Suppose t*p - 18*p - 440 = 0. What is the units digit of p?
8
Let y = -808 + 1715. What is the units digit of y?
7
Let f(c) = 3 + 8*c - 1 - 19 - 10*c. Let n(z) = -4*z - 34. Let t(p) = -5*f(p) + 2*n(p). What is the units digit of t(9)?
5
Let x = -900 + 1326. What is the units digit of x?
6
What is the tens digit of (22 - 20)/((-3)/((-525)/2))?
7
Suppose 0 = 38*g - 63127 - 101527. What is the units digit of g?
3
Let m(k) = k**3 + 10*k**2 - 5*k + 11. Let p be m(-11). Let t = p + 99. What is the tens digit of t?
4
Let b = -19 - -37. Suppose d - 10 = b. Suppose -16 = -4*u + d. What is the tens digit of u?
1
Suppose 5*a - 1209 - 206 = 0. What is the hundreds digit of a?
2
Let l(f) = -f - 9. Let t be l(-19). What is the units digit of ((-36)/30)/3 + 624/t?
2
Suppose x - 9 = -2*d, 3*d + 3*x = 5*d + 3. Suppose 5*h + 2*w + 31 = 305, 0 = 5*h - d*w - 289. What is the units digit of h?
6
Let r(v) = -v + 4. Let n be r(8). Let x(i) = i**3 + 3*i**2 - 4*i + 3. Let h be x(n). Suppose q = -h*q + 108. What is the units digit of q?
7
Let v = 66 - 45. Suppose 20*a = v*a - 64. What is the units digit of a?
4
Let m be (-10)/